{"id":9,"date":"2013-02-24T17:17:43","date_gmt":"2013-02-24T17:17:43","guid":{"rendered":"http:\/\/www.colormedia.com.pl\/?page_id=9"},"modified":"2024-11-15T12:14:08","modified_gmt":"2024-11-15T12:14:08","slug":"kontakt","status":"publish","type":"page","link":"http:\/\/www.colormedia.com.pl\/?page_id=9","title":{"rendered":"kontakt"},"content":{"rendered":"<div class=\"one-third\">\n<p>dane kontaktowe<\/p>\n<p>Studio Colormedia Sp z o.o.<br \/>\nNIP: 7831904506<\/p>\n<p>tel. kom. 725 250 321<\/p>\n<p>Adres:<\/p>\n<p>Biuro (po um\u00f3wieniu)<\/p>\n<p>ul. \u015awi\u0119ty Marcin 29\/8<\/p>\n<p>61-806 Pozna\u0144<\/p>\n<p>Prosimy o nadsy\u0142anie zapyta\u0144 ofertowych na adres: <a href=\"mailto:biuro@colormedia.com.pl?subject=Zapytanie ze strony colormedia.com.pl\">biuro@colormedia.com.pl<\/a> lub skorzystanie z poni\u017cszego formularza.<br \/>\nWarto powo\u0142a\u0107 si\u0119 w opisie potrzeb na zamieszczone na naszej stronie materia\u0142y. Przedstawiaj\u0105 one spektrum mo\u017cliwo\u015bci naszej pracowni jakich mo\u017cemy u\u017cy\u0107 do wizualizacji Pa\u0144stwa projekt\u00f3w.<br \/>\n<\/div>\n<div class=\"two-third last\">\n<p><form method=\"post\" action=\"http:\/\/www.colormedia.com.pl\/wp-admin\/admin-ajax.php\" class=\"contact-form\" id=\"contact-form\"><input type=\"hidden\" name=\"action\" value=\"om_ajax_contact_form\"><div class=\"line\"><input type=\"text\" name=\"fields[aW1pxJk=]\" placeholder=\"imi\u0119*\" value=\"\"   class=\"required\" \/><\/div><div class=\"line\"><input type=\"text\" name=\"fields[bmF6d2lza28=]\" placeholder=\"nazwisko*\" value=\"\"   class=\"required\" \/><\/div><div class=\"line\"><input type=\"text\" name=\"fields[ZS1tYWlsIG5hZGF3Y3k=]\" placeholder=\"e-mail nadawcy*\" value=\"\"   class=\"required\" \/><\/div><div class=\"line\"><input type=\"text\" name=\"fields[dGVtYXQgc3ByYXd5]\" placeholder=\"temat sprawy*\" value=\"\"   class=\"required\" \/><\/div><div class=\"line\"><textarea rows=\"4\" name=\"fields[dHJlxZvEhw==]\" placeholder=\"tre\u015b\u0107\" ><\/textarea><\/div><input type=\"submit\" value=\"Submit\" \/><\/form><div id=\"contact-form-success\" class=\"infopane color-1 dn\"><div class=\"inner\" style=\"background-image:url(http:\/\/www.colormedia.com.pl\/wp-content\/themes\/metro\/metro\/img\/icons\/0101.png)\">wys\u0142ano poprawnie na skrzynk\u0119: biuro@colormedia.com.pl<\/div><\/div><div id=\"contact-form-error\" class=\"infopane color-5 dn\"><div class=\"inner\" style=\"background-image:url(http:\/\/www.colormedia.com.pl\/wp-content\/themes\/metro\/metro\/img\/icons\/0100.png)\">Sorry, an error has occured.<\/div><\/div><\/p>\n<p><\/div><div class=\"clear\"><\/div>\n","protected":false},"excerpt":{"rendered":"","protected":false},"author":1,"featured_media":0,"parent":0,"menu_order":5,"comment_status":"open","ping_status":"open","template":"template-full-width.php","meta":{"footnotes":""},"class_list":["post-9","page","type-page","status-publish","hentry"],"_links":{"self":[{"href":"http:\/\/www.colormedia.com.pl\/index.php?rest_route=\/wp\/v2\/pages\/9","targetHints":{"allow":["GET"]}}],"collection":[{"href":"http:\/\/www.colormedia.com.pl\/index.php?rest_route=\/wp\/v2\/pages"}],"about":[{"href":"http:\/\/www.colormedia.com.pl\/index.php?rest_route=\/wp\/v2\/types\/page"}],"author":[{"embeddable":true,"href":"http:\/\/www.colormedia.com.pl\/index.php?rest_route=\/wp\/v2\/users\/1"}],"replies":[{"embeddable":true,"href":"http:\/\/www.colormedia.com.pl\/index.php?rest_route=%2Fwp%2Fv2%2Fcomments&post=9"}],"version-history":[{"count":26,"href":"http:\/\/www.colormedia.com.pl\/index.php?rest_route=\/wp\/v2\/pages\/9\/revisions"}],"predecessor-version":[{"id":4741,"href":"http:\/\/www.colormedia.com.pl\/index.php?rest_route=\/wp\/v2\/pages\/9\/revisions\/4741"}],"wp:attachment":[{"href":"http:\/\/www.colormedia.com.pl\/index.php?rest_route=%2Fwp%2Fv2%2Fmedia&parent=9"}],"curies":[{"name":"wp","href":"https:\/\/api.w.org\/{rel}","templated":true}]}}